en g is divided by u?
23
Let f(q) = -q**2 - 2*q + 13. Let z be f(3). Let m be ((-21)/63)/(z/(-258)). Let x = -35 - m. What is the remainder when 14 is divided by x?
6
Let i = -2 - -24. Suppose 128 = 26*r - i*r. Calculate the remainder when 159 is divided by r.
31
Let u(w) = 15*w - 58. Let m be u(4). Calculate the remainder when (m - 1)*((13 - 10) + 185) is divided by 48.
44
Suppose -5423 = 21*a - 32954. Calculate the remainder when 2633 is divided by a.
11
Let u(d) = -5*d + 2. Let n(l) = -13*l + 36. What is the remainder when n(2) is divided by u(-1)?
3
Let p = 837 - 784. Calculate the remainder when 2010 is divided by p.
49
Suppose 0 = -4*t + 3*p + 1212, -4*t + 719 + 549 = 11*p. Calculate the remainder when 1859 is divided by t.
23
Let t(b) = -739*b - 4418. What is the remainder when 5694 is divided by t(-6)?
14
Suppose -168*z - 145*z + 936247 = 10706. Calculate the remainder when z is divided by 74.
71
Let p(j) = -146*j + 3. Let b(z) = -73*z + 2. Let h(m) = -5*b(m) + 3*p(m). Let s be 9/(-6) - (-2)/4. What is the remainder when h(s) is divided by 15?
12
Suppose -5*j + 56 = -2*w + 75, 0 = -5*w - j + 61. What is the remainder when 7 is divided by 8/w*(-3 + (-63)/(-14))?
0
What is the remainder when 847 is divided by 0 + ((-4)/(-60) - (-5320)/75)?
66
Let m(v) = -v**2 + 15*v + 24. Calculate the remainder when m(0) is divided by 8.
0
Let n = -295 - -131. Let d = -77 - n. What is the remainder when d is divided by 22?
21
Let s = 9 - 4. Let l(o) = o**3 - 5*o**2 - 3*o - 12. Let h be l(s). What is the remainder when (-2 - h/6)*2 is divided by 1?
0
Suppose q + 13 = -6*s, 5*q + s - 100 = 4*s. Calculate the remainder when 157 is divided by q.
4
Suppose 3*p = -4*c + 163 + 240, 2*c - 197 = -3*p. Calculate the remainder when 5355 is divided by c.
102
Let b(z) = 3*z + 12. Let w be b(-17). Let y = 98 + w. Suppose 0 = -t - 1, -14*p + 12*p - 5*t = -19. What is the remainder when y is divided by p?
11
Suppose -2*d + 38 = w - 4, 0 = 3*w + 4*d - 134. What is the remainder when 2124 is divided by w?
24
Let i = 17455 + -13482. What is the remainder when i is divided by 41?
37
Suppose 5*q - 3 = -4*v + 9, -3*v = -2*q + 14. Let a = q - -5. Let c = 3 - -14. What is the remainder when c is divided by a?
8
Let y(c) = 563*c + 1811. Calculate the remainder when 8417 is divided by y(-3).
121
What is the remainder when (-418 - -268)/(3/(-5)) is divided by 61?
6
Let r(a) = -3*a**2 + 4*a + 46. Let i(k) = -k**2 + 1. Let o(g) = -6*i(g) + r(g). Calculate the remainder when o(5) is divided by 70.
65
Suppose 957 = -4*f - 5*d - 5, -3*f - 721 = 4*d. Let h = f + 393. Suppose 0 = 3*y - 126 - h. What is the remainder when y is divided by 24?
20
Let c(f) = -f**2 - 46*f - 430. What is the remainder when 455 is divided by c(-25)?
75
Calculate the remainder when 83 is divided by (-1180)/(-42) - 72/756.
27
Let t be ((-104)/(-16))/((-1)/(-2)). Suppose t - 5 = 2*m. Calculate the remainder when 56 is divided by m/(-1) - (-32 + -2).
26
Let x = -87 + 111. What is the remainder when (-12)/x - 19/(-2) is divided by 2?
1
Suppose -5*v - k + 451 = -321, 0 = -5*v + 3*k + 784. Suppose 0 = -2*o - 83 + v. Calculate the remainder when o is divided by 25.
11
Let z(h) = -5*h**2 - 13*h - 9. Let g be z(-5). Let n = g - -108. Calculate the remainder when n is divided by 30.
9
Suppose -4*q + o = 2*q - 116, 5*q - 5*o = 105. What is the remainder when 393 is divided by q?
13
Let k = 58 - 53. Calculate the remainder when 242 is divided by 11 + (-35)/k - (-6 - -1).
8
Suppose 5*z = -2682*y + 2685*y - 71, -3*z = 5*y - 209. Suppose -91 = -2*w + 265. What is the remainder when w is divided by y?
30
Let o = -473 + 557. Let d(n) = -n**3 + 54. What is the remainder when d(0) is divided by o/(-70) - (-62)/10?
4
Calculate the remainder when 302 is divided by (-4776)/(-80) - (-69)/230.
2
Suppose 2*s - 470 = 2*q, -7*s + 6*s + 8*q = -242. What is the remainder when 275 is divided by s?
41
Suppose -3*i - 278*c + 24131 = -282*c, 0 = 2*i - 4*c - 16098. Calculate the remainder when i is divided by 39.
38
Let g(p) = p**2 - 8*p - 10. Suppose -524 = -23*o - 179. What is the remainder when 1137 is divided by g(o)?
92
What is the remainder when 5348/(15 + -11) - (6 - 3) is divided by 60?
14
Let c(b) = -b**3 - 23*b**2 - 134*b - 250. Calculate the remainder when 730 is divided by c(-16).
16
Suppose 232*x - 225*x - 5*c = 88, -4*x + 2*c + 46 = 0. Suppose 2*t = -0*t + 28. Calculate the remainder when t is divided by x.
5
Let x = 42413 + -42398. Calculate the remainder when 7615 is divided by x.
10
Let g(c) = -61*c + 208. Calculate the remainder when 379 is divided by g(3).
4
Let h(o) = 2*o**2 - 55*o + 420. Calculate the remainder when 311 is divided by h(21).
17
Suppose u + 8887 = 4*y, 2735 = 4*y - 3*u - 6150. Calculate the remainder when y is divided by 25.
22
Let b(r) = 6*r**2 - 80*r - 3341. What is the remainder when b(-30) is divided by 248?
243
Let m(r) = -4*r**3 - 264*r**2 - 280*r - 251. What is the remainder when m(-65) is divided by 58?
5
Suppose 5*l + 2*t - 547 - 560 = 0, l + t - 219 = 0. Suppose -s - 2*k + 20 = 0, 4*s + 0*k + 5*k = 98. What is the remainder when l is divided by s?
31
Suppose 0 = -66*k + 287*k - 1465009. What is the remainder when k is divided by 78?
77
Let a = 5250 - 4926. What is the remainder when a is divided by 141?
42
Suppose -2*p = 2, -185*p = 3*w - 190*p - 809. What is the remainder when w is divided by 85?
13
Let w(n) = 8*n**2 - 14*n - 54. Let v be w(-9). Suppose 6*l = -4*l + v. What is the remainder when l is divided by 6?
0
Let w(q) = 13*q**2 - 59*q - 21. Calculate the remainder when 1483 is divided by w(6).
88
Suppose -5130 = 9075*t - 9090*t. What is the remainder when t is divided by 103?
33
Let c = -471 + 480. Calculate the remainder when c is divided by (12/(-18))/((-2)/21).
2
Suppose 3*x - 186 = -4*z, 2*x - 79 = 5*z + 45. Suppose 2*h = 188*w - 184*w + 58, -3*h = -w - 112. Calculate the remainder when x is divided by h.
23
Suppose 113*g - 4000 = -47*g. What is the remainder when g is divided by -1*(0 + -16 + 1)?
10
Suppose 0 = -37*d + 41*d + r - 378, -d + 99 = -2*r. Calculate the remainder when 583 is divided by d.
13
Let t = 20165 - 19962. Let c(m) = -6*m + 8. Let q be c(-7). Let i = q + 1. What is the remainder when t is divided by i?
50
Let z(x) = -x**2 - 4*x + 10. Let y be z(7). Let o be (2/(-10) - 2067/390)*10. Let i = o - y. Calculate the remainder when 106 is divided by i.
10
Let c(q) = -6*q**2 + 342*q + 23. What is the remainder when (1 - -108) + (-12)/(-6) is divided by c(57)?
19
Suppose j - 5*j - 5*o = -171, 30 = j - 3*o. Calculate the remainder when 427 is divided by j.
37
Suppose 25*a - 20*a - 509 = 3*r, -2*a = -r - 204. What is the remainder when 3807 is divided by a?
99
Let a = -61 - -92. Let n = a - -28. Let j = 2 + n. What is the remainder when j is divided by 16?
13
Let i = -6501 - -6754. Calculate the remainder when i is divided by 91.
71
Let m = -60 - -60. Suppose m = -52*x + 62*x - 680. Calculate the remainder when x is divided by -7*(-3 + -1 + 3).
5
Suppose 0 = 5*z + 5*w + 40, -2*z - 4*w - 26 = z. Calculate the remainder when 8 is divided by z - (0 + 2 + -10).
0
Let v(a) = 5*a - 115. Let g be v(19). Calculate the remainder when 80 is divided by -5*72/g - 2/2.
12
Let z = 8 - 3. Suppose -358*j + 349*j = 216. What is the remainder when ((2970/j)/(-15))/(3/8) is divided by z?
2
Let r be 3 - (-5)/(20/(-104)). Let u = r - -35. Calculate the remainder when (-244)/610 - (-222)/5*1 is divided by u.
8
Let f = -41 + 20. Let q be (-56)/f - (-4)/(-6). Suppose -q*i = 5*i - 70. Calculate the remainder when 35 is divided by i.
5
Suppose 15656 = -204*y + 734*y - 16144. Calculate the remainder when 403 is divided by y.
43
Let k = -98 + 4. Let n = k + 139. What is the remainder when n is divided by 23?
22
What is the remainder when 3532 is divided by 8323/435 + 18/(-135)?
17
Suppose 14*p = -61*p - 52*p + 230632. What is the remainder when p is divided by 362?
6
Let t(h) = -23*h + 80. Let d be t(-7). Let s = d + -226. What is the remainder when 70 is divided by s?
10
Suppose 4*z + 6 = 14. Suppose -z*c + c + 97 = -5*b, 0 = 3*c + 5*b - 291. Let x = c + -47. What is the remainder when x is divided by 11?
6
Let c be (2150/(-8) - 1) + 17/(-68). Calculate the remainder when 660/(-30)*2/(-4) is divided 